r of 45 and z.
15
Suppose 26*w + 41472 = 34*w. Suppose -22*y + w = -6*y. Calculate the highest common divisor of y and 36.
36
Suppose 4*w = 7*n - 4618 + 23570, 18952 = 4*w - 4*n. What is the highest common divisor of w and 46?
46
Let b(k) = 7*k**3 + k**2 - k + 1. Let o be (14/(-6) + 2)*-3. Let r be b(o). Let a be (-960)/(-72)*(9 - 120/16). Calculate the highest common factor of a and r.
4
Suppose -2*k = -2*i - 24256, -3*k - 344*i + 36370 = -349*i. Calculate the highest common factor of k and 15.
15
Suppose -60 = -3*w - 0*w. Suppose 0 = 3*s - w - 34. Let c = -8151 + 8277. What is the greatest common factor of s and c?
18
Let v be (-19358)/(-11) - (-12)/66. Suppose -p - 468 = 2*d + 3037, d - p + v = 0. Let u be ((-2)/(-6))/((-5)/d). What is the greatest common factor of 39 and u?
39
Let j be 4 - 4 - 0/(-1). Suppose j = i + 2*i - 33. Suppose 5*r = -k + 109, 4*r + 5*k - 42 = 41. What is the highest common divisor of i and r?
11
Suppose 0 = 5*a - f + 12200, 4*a + 8690 = 5*f - 1070. Let z be a/(-45) + (16/9)/(-8). Let r = 4 + 32. Calculate the greatest common divisor of z and r.
18
Let m(d) = -7*d + 35. Let x be m(5). Suppose x = -3*q + 4*o + 20, -9 + 3 = -4*q - 5*o. Let g = 27 - -5. What is the greatest common divisor of q and g?
4
Let g = -2 - -10. Let p = 83 + -81. Suppose -g = 4*v, p*v + 94 = z + z. What is the greatest common factor of 18 and z?
9
Let s be ((-1400)/20)/(-2 + 0). What is the greatest common divisor of 16345 and s?
35
Suppose 333*j - 334*j = 4. Let v be (-12)/(j*(-2)/(-4) + 0). What is the greatest common divisor of v and 2?
2
Suppose -f - 2*o + 198 = 0, -5*o = -f + 251 - 18. What is the greatest common factor of f and 26?
26
Suppose -5*y + 498 - 81 = 4*t, 3*y - 99 = -t. Let m = -95 - -261. Let o = -139 + m. Calculate the greatest common factor of t and o.
27
Let v(l) = 13*l - 815. Let o be v(64). Let t be 799/(-85) - (-3)/(-5). Let r(j) = j**2 + 3*j - 2. Let k be r(t). What is the highest common divisor of k and o?
17
Suppose -7*q + 58069 = -2*q + g, 6*g = 4*q - 46428. Calculate the greatest common factor of 237 and q.
237
Suppose 0 = 3*x - 22*x + 2850. Let z = 180 - x. Suppose -3*v - 60 = -7*v. Calculate the highest common divisor of z and v.
15
Let f(j) = -49*j + 345. Let t be f(7). Let r be 11 - t/(10/(-35)). What is the highest common factor of r and 414?
18
Suppose 5*n - 3*u = 45, -2*u = -5*n - 0*u + 40. Suppose 34 = n*p + 982. Let h = -137 - p. Calculate the greatest common divisor of 84 and h.
21
Suppose l - 3*s + 10 = 84, 5*s + 238 = 3*l. Let x = 47 - l. Let g = x + 64. What is the highest common divisor of 275 and g?
25
Let a = 179 + -252. Suppose -l = 4*m - 109, -3*l + 341 = l - 3*m. Let k = a + l. Calculate the greatest common divisor of k and 8.
8
Suppose 6*b - 40 + 130 = 0. Let i be b/20 - ((-10797)/4)/3. Calculate the greatest common factor of 31 and i.
31
Let w be 3/10*-64*-5. Let h = -176 + 571. Let f = h - 383. Calculate the greatest common factor of f and w.
12
Let c(b) = 10*b + 24. Let f be c(-3). Let j(d) = -d**3 - 4*d**2 + 2*d - 54. Let h be j(f). What is the highest common divisor of h and 10?
2
Suppose 5*z - 107 = 5*i + 83, 180 = 5*z - 3*i. Suppose 0 = 3*v + 4*r - 13 - 172, 30 = v - 5*r. Calculate the greatest common factor of v and z.
11
Suppose 257 = s - 5. Let p = 153 - s. Let l = -64 - p. What is the highest common divisor of l and 9?
9
Suppose 5*p + 7381 - 31243 = 3*j, 4774 = p - j. What is the highest common factor of 9 and p?
9
Suppose -4*h - 12 = -260. Let f = h - -236. Suppose 4*z - f - 1066 = 0. What is the greatest common divisor of 31 and z?
31
Let i = 18 + -1. Let d(j) = -2*j + 37. Let k be d(i). Suppose 0*y + 84 = k*y. What is the greatest common divisor of y and 70?
14
Suppose 4*u - 11 = -11. Suppose -14*t + 15*t - 3*o - 75 = 0, t + 5*o - 35 = u. Calculate the greatest common divisor of t and 255.
15
Let d(m) = 3 + 76*m - 3 - 77*m. Let q(h) = -10*h + 21. Let k(i) = -21*d(i) - 3*q(i). Let v be k(6). What is the greatest common divisor of 27 and v?
27
Let k(s) = -5*s - 6. Let w be k(-10). Suppose -5*g + 99 = 289. Let o = w + g. What is the highest common factor of o and 6?
6
Let c = -61 + 131. Suppose -42 = -67*v + 64*v. What is the highest common factor of v and c?
14
Let s(i) = 9*i**2 + 42*i - 148. Let w(y) = 4*y**2 + 22*y - 74. Let o(v) = -3*s(v) + 7*w(v). Let u be o(-32). What is the greatest common factor of 42 and u?
6
Suppose 5*w + 16 = 2*u, -18 = 3*w - 12. Suppose -5*k + u*k + 150 = 0. Calculate the greatest common divisor of k and 60.
15
Suppose -4*l = -g - 333, 4*l - 3*g = -1772 + 2099. Let j(r) = 31*r**2 + r. Let o be j(2). What is the highest common factor of l and o?
42
Suppose 27*j = 55*j - 102144. What is the greatest common factor of j and 112?
16
Let q(i) be the third derivative of -i**4/8 + 217*i**3/6 + 6*i**2 + 3. Let n be q(39). Calculate the greatest common factor of 250 and n.
50
Suppose -2*b - 119 = -5*d, 6*b - 7*b = 4*d - 90. What is the highest common factor of d and 21597?
23
Suppose 0 = -7*j + 2*j - t + 814, 0 = -j - 5*t + 182. Calculate the highest common factor of j and 216.
54
Let s = 12931 - 12871. Let d(z) = -z + 8. Let c be d(0). Calculate the greatest common divisor of c and s.
4
Suppose 0 = 40*x + 20*x - 3044 - 1276. What is the greatest common factor of x and 549?
9
Suppose -3*c - 1 = -5*s, 0 = -5*c + 19 - 4. Let j be 108/s*22/(-33). Let u = -20 - j. What is the greatest common factor of 176 and u?
16
Suppose 57*b - 58*b = 4. Let f be 36560/280 + b/7. What is the greatest common factor of 26 and f?
26
Suppose h = 5*h - 44. Suppose -3*n - x + 6 = -h, 3*n = 4*x - 8. Let l be (n/5)/2*20. What is the greatest common factor of 64 and l?
8
Suppose 0 = -10*c + 4*c. Suppose c = -a + n + 29, -4*a - n = -4*n - 114. What is the highest common factor of 99 and a?
9
Suppose -6*s + 4*s + 2*o + 20 = 0, 19 = 2*s - o. Let r = 0 + s. Suppose 6*k - r*k = -324. What is the highest common divisor of k and 12?
12
Let n be (-134)/(-11) + 32/(-176). Suppose -6*u - 20 = -11*u. Suppose -l - u*r + 80 = -0*l, 82 = l + 2*r. Calculate the greatest common divisor of l and n.
12
Suppose 0 = 28*h + 39511 - 314527. Calculate the highest common divisor of 6 and h.
6
Suppose -10*d - 10*d + 125 = -535. Calculate the greatest common factor of d and 3531.
33
Let m be ((-2)/(-4))/(7/238). Suppose 0 = 4*x - 23 - m. Suppose 30 = -x*g + 12*g. Calculate the highest common factor of 165 and g.
15
Suppose 0 = -6*p + 2115 - 1923. What is the greatest common divisor of 240 and p?
16
Let r(o) = o**2 - 20*o - 61. Let u be r(-3). What is the highest common divisor of 179 and u?
1
Suppose -k + 69 = t - 5*t, -k - 2*t = -39. Let h(b) = -2*b - 99. Let s be h(17). Let z = 140 + s. Calculate the highest common factor of z and k.
7
Suppose -52*z = -1973 - 1360 + 421. Suppose 5*f + 2*b - 1260 = 0, -5*f = -3*f - 5*b - 504. What is the greatest common factor of z and f?
28
Suppose 2*v - 66 = -3*k + 213, 0 = 5*v - k - 757. Calculate the greatest common factor of 18 and v.
6
Let m be (-152)/(-9) - (13 + 708/(-54)). Suppose -m*i + 249 + 125 = 0. Calculate the highest common divisor of i and 132.
22
Let a(s) = -2*s + 43. Let w be a(10). Suppose w*x + 3*x = 1170. What is the highest common factor of x and 9?
9
Let b be (189/(-147))/((-2)/14). Calculate the highest common divisor of 1368 and b.
9
Let g be 1/((-4)/(-28) + 0). Suppose 0 = -2*q + g*q. Suppose -9*u + 1067 + 382 = q. Calculate the highest common divisor of u and 23.
23
Let r(d) = -148*d + 3756. Let b be r(25). Let l be 1/2*(-208)/(-1). What is the highest common divisor of b and l?
8
Let f(c) = -6*c - 19. Suppose 0 = -4*o + 3*u - 10 - 18, 3*o - 5*u + 32 = 0. Let m be f(o). What is the highest common factor of m and 540?
5
Let q(m) = m**2 + 8*m - 4. Let g be q(-14). Suppose 0 = c + g - 108. Calculate the highest common divisor of 8 and c.
4
Let n(m) = 8990*m - 125845. Let x be n(14). Suppose 2*j - b = 11, 0 = -0*j - j - 5*b. What is the greatest common divisor of x and j?
5
Let q be ((-3000)/(-1350))/(1/36). What is the greatest common factor of 9600 and q?
80
Suppose 4*y = -2*i + 22, -4*y + 5 + 7 = 4*i. Let w be (1 - y)*(1 + -2). Let r be 1 + -6 - -79 - 4/(24/(-18)). What is the greatest common factor of r and w?
7
Let b = -685 + 695. Suppose 0 = 46*p - b*p